4). What is the greatest common divisor of a and 24?
12
Let s(i) = -i**3 + 2*i**2 + 7*i - 1. Suppose 9*n = 21*n - 36. Let o be s(n). Calculate the highest common divisor of 143 and o.
11
Let f = -272 - -276. Suppose f*b + s + 11 = 5*b, 0 = -5*b + 2*s + 43. Calculate the greatest common divisor of b and 7.
7
Let w = -1 + 4. Suppose 2*p + 91 = w*p. Suppose 5*q - 62 = -3*h, -2*q - 5*h + 1419 = 1398. Calculate the greatest common divisor of p and q.
13
Suppose -29*x + 28*x = c - 139, -3*x + 2*c = -377. Calculate the highest common divisor of x and 7729.
131
Let f(q) = q**2 - 13*q - 46. Let b be f(16). Suppose a + 0*a - 49 = -b*w, -3*w + 80 = -5*a. Calculate the greatest common divisor of w and 125.
25
Let d be (5 + -474)*36/(-63). What is the highest common factor of 3886 and d?
134
Let s be 2/(-3)*9/(-2). Suppose -f - 24 = -s*f. Suppose -4*i + 10 = 3*m, -5*m - 7 - 15 = -3*i. What is the highest common factor of i and f?
4
Let a(f) = -f**2 + 66*f - 791. Let x be a(50). What is the greatest common divisor of 2718 and x?
9
Let o(x) = x**2 - 38*x - 6. Let z be o(41). What is the greatest common divisor of 1365 and z?
39
Let p(h) = h**3 - 15*h**2 + 24*h - 16. Let y be p(11). Let f = -182 - y. What is the greatest common divisor of 135 and f?
27
Let o(r) = -r**3 + 16*r**2 - 14*r + 9. Let f be o(14). Let x = 211 - f. What is the highest common factor of 102 and x?
6
Suppose 0 = 1051*f - 1052*f + 3. Suppose -17 = f*p - 2*t - 102, -2*p - 3*t = -35. What is the highest common divisor of 625 and p?
25
Suppose -256*f + 214*f = -9828. Calculate the highest common factor of f and 286.
26
Let m(u) = 9*u - 9. Let r be m(6). Suppose 3436 = 100*x - 4064. What is the greatest common divisor of r and x?
15
Let r(d) = 2*d - 33. Let u = -37 - -55. Let p be r(u). Suppose -5*z + 2 = 4*w - 36, p*z = -3*w + 27. What is the greatest common divisor of w and 7?
7
Let u = 11668 - 9730. What is the highest common factor of 19 and u?
19
Suppose 1974 = 5*a - 2*d, -3*a + 5*d = -2*a - 381. Let x = 5524 - 5488. Calculate the greatest common factor of a and x.
36
Let w be (-5)/4 - 8136/(-32). Let k(r) be the first derivative of -r**3/3 - 9*r**2/2 + 9*r - 50. Let h be k(-7). Calculate the highest common factor of w and h.
23
Suppose -4*y - 189 = 5*x, -4*y - 5*x = y + 230. Let p be (1 - y) + (-2 - -4) + 1. Let f be (-1674)/p*(-30)/4. What is the greatest common factor of f and 31?
31
Suppose -b - s + 6569 = 0, 54 = -2*s + 42. Calculate the greatest common divisor of b and 25.
25
Suppose 148*m - 145*m = 156. What is the greatest common factor of m and 1300?
52
Let g(i) = 0*i + 155 + 15*i - 179. Let q be g(-5). Let c be -25 + 26 - ((-1 - -1) + q). What is the greatest common divisor of 40 and c?
20
Let h = -139 + 231. Let d = -1216 + 1220. Calculate the highest common divisor of h and d.
4
Suppose -5*f + 1759 = -5*k + 8639, -k + 3*f + 1374 = 0. What is the greatest common divisor of 34 and k?
17
Let t be 233637/564*88/(1 - -1). Suppose -22*w - 5885 = -t. What is the highest common divisor of w and 51?
51
Suppose 2*p + 4*y - 20 = 0, 11*p - 3*y = 6*p - 2. Suppose -p*i - 148 = -3*f, -219 + 19 = -4*f + 4*i. What is the highest common divisor of 60 and f?
12
Suppose 42*d - 40*d - 48 = 0. Suppose -2*q + 4*r = -d, 7 = q + r - 5. Let v = 2 + q. What is the greatest common factor of v and 42?
14
Suppose 4*s = -5*m + 21, -37*m = -38*m + 4*s + 9. Suppose -16 + 19 = n, -m*w + 2365 = -5*n. Calculate the greatest common divisor of w and 34.
34
Let r = -3844 + 4215. Calculate the greatest common factor of 159 and r.
53
Let k = -9063 + 11788. What is the greatest common factor of k and 75?
25
Let d be (-9)/((-63)/749) + -2. What is the greatest common divisor of d and 240?
15
Suppose 0 = 3*u + 3*i - 31422, u + 7*i - 7079 - 3389 = 0. Calculate the highest common factor of u and 75.
25
Let u(x) = 2339*x - 94. Let b be u(2). What is the highest common divisor of 24 and b?
24
Suppose -990*f = -992*f + 442. What is the highest common factor of 780 and f?
13
Let u(w) = 2*w**3 + w**2 - 38*w + 22. Let o be u(0). Calculate the highest common factor of 7194 and o.
22
Let t be ((-15)/(-4))/((-48)/(-1152)). What is the greatest common factor of 6315 and t?
15
Suppose 2*h - 36 = 2*q, -2*h = 3*q + 2*q - 50. Suppose 167 = h*i - 1513. What is the highest common factor of 112 and i?
28
Let t(v) = 81*v + 690. Let f be t(25). What is the highest common divisor of 15 and f?
15
Suppose 0 = 5*c + 2*r - 43, -3*c - 3*r + 18 + 15 = 0. Let l be (10 - 0) + (-14)/(c + 0). What is the greatest common factor of l and 32?
8
Let w(l) = 2*l**3 + 11*l**2 - 405*l - 26. Let k be w(15). Calculate the highest common divisor of 710 and k.
142
Suppose -q = 588 - 606. Let g be (-14)/(-2) - (-24 - q). Calculate the highest common factor of g and 1225.
49
Suppose 2*x - 23 = 2*m + 17, 9 = -3*x. Let w = m - -17. Let d be (-8)/4*21/w. What is the greatest common divisor of 35 and d?
7
Let g(t) = 4*t + 2*t + 8*t - t**2 + 19. Let x = -5813 + 5822. Let f be g(x). Calculate the highest common divisor of 8 and f.
8
Let f = -19790 + 20689. Calculate the greatest common divisor of 1054 and f.
31
Let o(u) = -u**2 - 68*u + 560. Let f be o(-72). What is the greatest common factor of f and 3876?
68
Let w = 21 + 13. Let p be (-1 - (-78)/10)/((1/55)/1). What is the greatest common divisor of w and p?
34
Let j(q) = 14*q - 84. Let b be j(16). Suppose m = -109 + b. What is the greatest common factor of m and 31?
31
Let q = 218 - 490. Let j = -269 - q. Calculate the highest common factor of j and 1.
1
Let r be 20/5*(-2)/(-4). Let z = 1551 - 1537. Suppose 0 = r*q - z. Calculate the greatest common divisor of 1 and q.
1
Let w be 127 + 1*1/((-7)/49). Suppose -5*c = 2*k - 236, 4*c = -k + 91 + 33. Calculate the highest common divisor of k and w.
12
Let o = 27 + -33. Let n = -18 - o. Let s(l) = l + 25. Let g be s(n). What is the highest common divisor of g and 130?
13
Let k = -21 - -53. Let t = 13967 - 13919. Calculate the highest common factor of k and t.
16
Let x(a) = -a**3 + 5*a**2 + 3*a - 7. Let i be x(5). Let r = -48 + i. Let k = r + 55. What is the greatest common factor of 6 and k?
3
Let l = -321 + 365. Suppose -c + 16 - l = -2*x, -3*x = -c - 43. Let k be (-1 - -2) + -1 - -90. Calculate the highest common divisor of x and k.
15
Suppose 0*c - 1794 = -2*h + 4*c, 5*h + 3*c = 4485. What is the highest common divisor of h and 195?
39
Let h = -156 + 468. Let c(t) = t**3 + 121*t**2 - 273*t - 3297. Let q be c(-123). What is the highest common divisor of h and q?
24
Let p be 32256 - (0 - -1 - (-18 - -9 - -2)). What is the greatest common divisor of 232 and p?
232
Let v = 88 + -79. Suppose -4*s - 5*z = -v*z - 32, 4*s + 5*z = 77. What is the highest common divisor of s and 624?
13
Let r be (-2 - -2) + 822 - (13 + -3). Calculate the greatest common divisor of r and 1508.
116
Let a(i) = -21*i - 78. Let h(r) = -2*r**3 - 21*r**2 - 8*r + 16. Let q be h(-10). Let j be a(q). Calculate the highest common divisor of 15 and j.
3
Suppose 4*j = -s + 112, -4*j + s - 5*s = -112. Suppose -799*p = -916*p + 65520. What is the highest common factor of p and j?
28
Suppose 4*m = m - 3*w - 3, -m = 2*w + 6. Suppose 0 = m*x - 2484 + 684. Suppose x = -30*u + 33*u. Calculate the highest common factor of 10 and u.
10
Suppose 0 = -5*t + 8*t - 54. Let g be 3236/t - (-8)/36. Suppose g - 60 = 6*q. What is the greatest common factor of q and 30?
10
Let x be 279 - (0 + 2) - 4/2. Suppose 427 = -86*g + 2577. What is the greatest common divisor of x and g?
25
Suppose -47*a - 219 = -877. Calculate the highest common factor of 308 and a.
14
Suppose -5379 = -93*i - 42*i + 9606. What is the greatest common factor of 4736 and i?
37
Let u be (-24)/2*(-6)/(-9). Let x = u + 18. Suppose -3*j + 27 = -5*n, j + 5*n - 1 = -12. What is the greatest common divisor of x and j?
2
Let b be (-1 - 7)*(-3)/3. Suppose 2*j + b = 3*j. Suppose 28 = 28*m - 140. Calculate the highest common divisor of j and m.
2
Suppose -2*z = 4*q - 28, 71*z - 4*q = 76*z - 46. Calculate the highest common divisor of 46 and z.
2
Let q = -32 + -15. Let g = -34 - q. What is the greatest common factor of 234 and g?
13
Suppose 40123 + 2447 = 45*g. Calculate the highest common divisor of 731 and g.
43
Let a(z) = 33*z**2 + 109*z - 1773. Let x be a(13). 